actor of 2215058?
True
Is 55 a factor of 481690?
True
Is 205 a factor of 22536675?
True
Does 433 divide 231655?
True
Is 5 a factor of 13296?
False
Does 261 divide 27135?
False
Is 119240 even?
True
Does 829 divide 13752281?
True
Is 6 a factor of 4760?
False
Does 106 divide 396758?
True
Does 13 divide 968630?
True
Is 4636750 a multiple of 17?
True
Is 368 a factor of 450508?
False
Is 133605 a multiple of 219?
False
Does 30 divide 127001?
False
Is 4 a factor of 75686?
False
Is 12 a factor of 20609?
False
Is 346 a factor of 10099897?
False
Is 31 a factor of 1343407?
False
Does 86 divide 17252398?
False
Is 282 a factor of 119004?
True
Is 938128 a multiple of 83?
False
Is 8 a factor of 121688?
True
Is 2267545 a multiple of 515?
True
Does 138 divide 526998?
False
Does 12 divide 172920?
True
Is 12 a factor of 1956021?
False
Is 102193 a multiple of 6?
False
Is 316498 a multiple of 329?
True
Does 658 divide 4208526?
False
Is 186 a factor of 2219724?
True
Is 5 a factor of 3715?
True
Does 41 divide 1585800?
False
Is 13 a factor of 634829?
True
Is 279 a factor of 335319?
False
Does 67 divide 131588?
True
Is 10011385 a multiple of 676?
False
Is 316545 a multiple of 81?
False
Is 19716 a multiple of 10?
False
Does 10 divide 335240?
True
Is 247 a factor of 21874464?
False
Is 141108 a multiple of 17?
False
Does 83 divide 803179?
False
Does 130 divide 39130?
True
Is 328 a factor of 2656581?
False
Is 37628 a multiple of 61?
False
Is 1025850 a multiple of 30?
True
Is 177 a factor of 646787?
False
Does 140 divide 995129?
False
Is 1626316 a multiple of 18?
False
Is 17 a factor of 181954?
False
Does 19 divide 317000?
False
Is 280026 a multiple of 331?
True
Does 89 divide 186010?
True
Is 8373 a multiple of 5?
False
Is 51 a factor of 213537?
True
Does 836 divide 535040?
True
Does 121 divide 50869?
False
Does 492 divide 2769960?
True
Does 12 divide 743976?
True
Is 39 a factor of 326781?
True
Is 52 a factor of 855556?
True
Is 8392880 a multiple of 40?
True
Is 87927 a multiple of 3?
True
Is 20665 a multiple of 6?
False
Does 2244 divide 15849372?
True
Does 2 divide 1787?
False
Does 223 divide 12711?
True
Is 13 a factor of 1049961?
False
Is 31 a factor of 3751682?
True
Is 192 a factor of 4208832?
True
Is 892540 a multiple of 22?
True
Is 26158877 a multiple of 2364?
False
Does 12 divide 76239?
False
Is 9 a factor of 6807312?
True
Does 568 divide 540320?
False
Is 6439969 a multiple of 26?
False
Is 3 a factor of 4739?
False
Does 164 divide 2080996?
True
Is 793147 a multiple of 4?
False
Is 121 a factor of 2306270?
False
Is 260 a factor of 78520?
True
Is 15 a factor of 72811?
False
Does 29 divide 241947?
True
Is 46746 a multiple of 63?
True
Is 287305 a multiple of 11?
False
Is 6875391 a multiple of 3?
True
Is 27 a factor of 1584549?
True
Does 6 divide 371460?
True
Is 13 a factor of 183783?
False
Does 157 divide 55673?
False
Does 18 divide 2876958?
True
Is 260168 a multiple of 8?
True
Does 4 divide 65791?
False
Is 342 a factor of 5630?
False
Is 25 a factor of 65585?
False
Is 1157675 a multiple of 592?
False
Does 11 divide 16411?
False
Does 20 divide 2498277?
False
Does 172 divide 14230854?
False
Is 23 a factor of 55890?
True
Is 151 a factor of 289930?
False
Is 99 a factor of 162090?
False
Does 8 divide 9470600?
True
Does 20 divide 38460?
True
Does 42 divide 73118?
False
Does 666 divide 78139?
False
Is 458983 a multiple of 203?
True
Is 46 a factor of 14982?
False
Is 255835 a multiple of 9?
False
Does 181 divide 1273335?
True
Is 141 a factor of 507284?
False
Is 10 a factor of 160810?
True
Is 9531 a multiple of 2?
False
Does 7 divide 55104?
True
Is 131 a factor of 4048031?
True
Is 866438 a multiple of 151?
True
Is 1687981 a multiple of 12?
False
Is 13 a factor of 709245?
False
Is 108240 a multiple of 80?
True
Is 29 a factor of 100523?
False
Is 5 a factor of 302055?
True
Does 150 divide 23100?
True
Is 26 a factor of 375763?
False
Is 267 a factor of 722235?
True
Is 3034862 a multiple of 95?
False
Does 31 divide 10738231?
False
Does 43 divide 5977?
True
Is 21 a factor of 2665236?
True
Is 490091 a multiple of 858?
False
Is 19 a factor of 64573?
False
Is 52 a factor of 217308?
True
Does 49 divide 273028?
True
Does 292 divide 7307330?
False
Is 5 a factor of 14380?
True
Is 181 a factor of 330119?
False
Is 19 a factor of 142211?
False
Does 228 divide 1853640?
True
Is 4 a factor of 70928?
True
Is 111618 a multiple of 162?
True
Is 3 a factor of 33238?
False
Is 131 a factor of 195452?
True
Does 30 divide 159235?
False
Is 1321430 a multiple of 41?
True
Does 7 divide 1131487?
True
Does 15 divide 732435?
True
Is 293 a factor of 520107?
False
Is 2799076 a multiple of 98?
True
Does 19 divide 946157?
False
Is 90563 a multiple of 276?
False
Is 24 a factor of 1270665?
False
Is 1589850 a multiple of 10?
True
Is 159754 a multiple of 7?
True
Is 189 a factor of 505197?
True
Is 783180 a multiple of 570?
True
Is 2931925 a multiple of 5?
True
Is 632 a factor of 4973775?
False
Does 10 divide 2443630?
True
Is 11 a factor of 1430779?
False
Does 24 divide 40608?
True
Is 36660 a multiple of 30?
True
Is 11 a factor of 29238?
True
Does 152 divide 362314?
False
Is 16 a factor of 262848?
True
Is 2363485 a multiple of 2?
False
Does 104 divide 612678?
False
Is 93 a factor of 4570113?
True
Is 5 a factor of 28150?
True
Does 12 divide 336096?
True
Does 6 divide 170359?
False
Is 24 a factor of 8679233?
False
Does 19 divide 190952?
False
Does 8 divide 116664?
True
Is 226 a factor of 1153957?
False
Does 14 divide 3190646?
False
Is 130663 a multiple of 437?
True
Does 637 divide 2276247?
False
Does 12 divide 157919?
False
Does 79 divide 105781?
True
Is 22 a factor of 1307523?
False
Is 13167 a multiple of 33?
True
Does 12 divide 2789927?
False
Is 18 a factor of 18048114?
True
Is 34 a factor of 1504417?
False
Does 28 divide 179185?
False
Is 14 a factor of 90594?
True
Is 54 a factor of 18633?
False
Is 19 a factor of 2121217?
True
Is 260817 a multiple of 353?
False
Is 11053 a multiple of 40?
False
Is 476847 a multiple of 29?
True
Is 18 a factor of 119248?
False
Is 10355796 a multiple of 99?
True
Is 132 a factor of 1306668?
True
Does 11 divide 6097965?
False
Is 364 a factor of 78260?
True
Does 182 divide 24928?
False
Is 2942520 a multiple of 210?
True
Is 33 a factor of 268319?
False
Does 24 divide 3792?
True
Does 13 divide 225394?
True
Is 26 a factor of 213512?
True
Is 3481191 a multiple of 27?
True
Does 27 divide 21237011?
False
Does 225 divide 2910001?
False
Is 16 a factor of 3653372?
False
Is 8 a factor of 138664?
True
Is 22 a factor of 228624?
True
Is 518 a factor of 1066298?
False
Is 1598098 a multiple of 56?
False
Does 13 divide 222638?
True
Does 5 divide 85500?
True
Is 357 a factor of 5551350?
True
Is 187426 a multiple of 62?
True
Is 142008 a multiple of 3?
True
Is 47796 even?
True
Is 469498 a multiple of 9?
False
Is 228405 a multiple of 2?
False
Is 947650 a multiple of 415?
False
Is 7 a factor of 40369?
True
Does 182 divide 675326?
False
Does 14 divide 163030?
True
Is 92 a factor of 969533?
False
Is 41 a factor of 930464?
False
Is 12 a factor of 987744?
True
Is 191349 a multiple of 171?
True
Does 173 divide 106049?
True
Is 93520 a multiple of 70?
True
Is 927792 a multiple of 34?
True
Is 696891 a multiple of 7?
False
Is 109037 a multiple of 74?
False
Is 340 a factor of 169612?
False
Is 598 a factor of 1309022?
True
Is 153 a factor of 4058784?
True
Does 18 divide 457934?
False
Is 13208905 a multiple of 1093?
True
Is 6012328 a multiple of 28?
True
Is 10556172 a multiple of 253?
True
Is 48 a factor of 352320?
True
Is 76 a factor of 59482?
False
Is 5 a factor of 2795?
True
Is 69 a factor of 2416202?
False
Is 1476272 a multiple of 538?
True
Is 145 a factor of 849990?
True
Is 1188097 a multiple of 28?
False
Is 222684 a multiple of 125?
False
Is 202345 a multiple of 191?
False
Is 4454682 a multiple of 142?
True
Is 20973288 a multiple of 84?
True
Is 202 a factor of 1907779?
False
Is 170450 a multiple of 487?
True
Does 332 divide 2833620?
True
Is 11 a factor of 37895701?
False
Does 142 divide 180185?
False
Is 30249678 a multiple of 2161?
True
Is 80887 a multiple of 123?
False
Does 16 divide 315104?
True
Is 16 a factor of 230511?
False
Is 222274 a multiple of 237?
False
Does 29 divide 1630741?
False
Is 2934161 a multiple of 708?
F